{"id":220,"date":"2025-06-25T17:30:58","date_gmt":"2025-06-25T15:30:58","guid":{"rendered":"https:\/\/lab.sli-service.de\/wordpress\/?page_id=220"},"modified":"2025-06-25T17:30:59","modified_gmt":"2025-06-25T15:30:59","slug":"willkommen-im-geniesser-lexikon-fuer-braende-rum-und-gin-dein-digitales-nachschlagewerk-rezepthimmel-fuer-edle-spirituosen","status":"publish","type":"page","link":"https:\/\/www.alpenbrenner.de\/lexikon\/willkommen-im-geniesser-lexikon-fuer-braende-rum-und-gin-dein-digitales-nachschlagewerk-rezepthimmel-fuer-edle-spirituosen\/","title":{"rendered":"Willkommen im Genie\u00dfer-Lexikon f\u00fcr Br\u00e4nde, Rum und Gin \u2013 Dein digitales Nachschlagewerk &amp; Rezepthimmel f\u00fcr edle Spirituosen"},"content":{"rendered":"<div class=\"wp-block-image\">\n<figure class=\"aligncenter size-large\"><img loading=\"lazy\" decoding=\"async\" width=\"1024\" height=\"579\" src=\"https:\/\/lab.sli-service.de\/wordpress\/wp-content\/uploads\/2025\/06\/ein-Header-Bild-fuer-ein-Lexikon-und-Rezept-Blog-fuer-Spirituosen-1-1024x579.jpg\" alt=\"\" class=\"wp-image-221\" srcset=\"https:\/\/www.alpenbrenner.de\/lexikon\/wp-content\/uploads\/2025\/06\/ein-Header-Bild-fuer-ein-Lexikon-und-Rezept-Blog-fuer-Spirituosen-1-1024x579.jpg 1024w, https:\/\/www.alpenbrenner.de\/lexikon\/wp-content\/uploads\/2025\/06\/ein-Header-Bild-fuer-ein-Lexikon-und-Rezept-Blog-fuer-Spirituosen-1-300x170.jpg 300w, https:\/\/www.alpenbrenner.de\/lexikon\/wp-content\/uploads\/2025\/06\/ein-Header-Bild-fuer-ein-Lexikon-und-Rezept-Blog-fuer-Spirituosen-1-768x434.jpg 768w, https:\/\/www.alpenbrenner.de\/lexikon\/wp-content\/uploads\/2025\/06\/ein-Header-Bild-fuer-ein-Lexikon-und-Rezept-Blog-fuer-Spirituosen-1.jpg 1472w\" sizes=\"auto, (max-width: 1024px) 100vw, 1024px\" \/><\/figure>\n<\/div>\n\n\n<p>Tauche ein in die faszinierende Welt der edlen Spirituosen! Unser umfangreiches Lexikon f\u00fcr Br\u00e4nde, Rum und Gin bietet Dir fundiertes Wissen, spannende Hintergrundinfos und eine stetig wachsende Sammlung an Cocktailrezepten, Tasting-Tipps und Herstellungsmethoden. Egal ob Du ein Einsteiger bist oder ein passionierter Kenner \u2013 bei uns findest Du alles, was Du \u00fcber hochwertige Spirituosen wissen solltest.<\/p>\n\n\n\n<p>Was Dich hier erwartet:<br>\ud83d\udd0d Umfassendes Spirituosen-Lexikon:<br>Von A wie Arrak bis Z wie Zuckerrohrbrand \u2013 unser Lexikon erkl\u00e4rt Dir die wichtigsten Begriffe rund um Obstbr\u00e4nde, Edelbr\u00e4nde, Gin-Sorten und Rum-Typen. Lerne mehr \u00fcber die Destillation, Reifung und Charakteristika verschiedener Spirituosen.<\/p>\n\n\n\n<p>\ud83c\udf78 Gin-Rezepte &amp; Signature Cocktails:<br>Entdecke kreative und klassische Gin-Cocktails, von Gin Tonic Varianten bis zu Negroni und Gin Basil Smash. Ideal f\u00fcr alle, die ihren perfekten Gin-Moment suchen.<\/p>\n\n\n\n<p>\ud83d\udd25 Br\u00e4nde verstehen &amp; genie\u00dfen:<br>Was macht einen guten Obstbrand aus? Welche Sorten gibt es? Wie erkennt man Qualit\u00e4t? Unser Bereich zu Fruchtbr\u00e4nden und Edelbr\u00e4nden liefert detaillierte Informationen und Verkostungstipps f\u00fcr Apfelbrand, Williamsbirne, Zwetschge &amp; Co.<\/p>\n\n\n\n<p>\ud83c\udf34 Rum \u2013 Vielfalt aus Zuckerrohr:<br>Von wei\u00dfem Rum \u00fcber dunklen Rum bis zu gereiftem Premium-Rum: Erfahre alles \u00fcber Rum-Stile, Herkunftsl\u00e4nder, Lagerung und Geschmacksprofile. Plus: Die besten Rum-Cocktailrezepte wie Mojito, Daiquiri oder Dark &#8217;n&#8216; Stormy.<\/p>\n\n\n\n<p>\ud83e\uddea Herstellung, Geschichte &amp; Trends:<br>Wie wird Gin hergestellt? Was unterscheidet einen London Dry Gin vom Old Tom? Wie entsteht Rum in der Karibik? Und welche neuen Brennmethoden und Craft-Spirituosen liegen im Trend?<\/p>\n","protected":false},"excerpt":{"rendered":"<p>Tauche ein in die faszinierende Welt der edlen Spirituosen! Unser umfangreiches Lexikon f\u00fcr Br\u00e4nde, Rum und Gin bietet Dir fundiertes Wissen, spannende Hintergrundinfos und eine stetig wachsende Sammlung an Cocktailrezepten, Tasting-Tipps und Herstellungsmethoden. Egal ob Du ein Einsteiger bist oder ein passionierter Kenner \u2013 bei uns findest Du alles, was Du \u00fcber hochwertige Spirituosen wissen [&hellip;]<\/p>\n","protected":false},"author":1,"featured_media":0,"parent":0,"menu_order":0,"comment_status":"closed","ping_status":"closed","template":"","meta":{"footnotes":""},"class_list":["post-220","page","type-page","status-publish","hentry"],"yoast_head":"<!-- This site is optimized with the Yoast SEO plugin v27.3 - https:\/\/yoast.com\/product\/yoast-seo-wordpress\/ -->\n<title>Willkommen im Genie\u00dfer-Lexikon f\u00fcr Br\u00e4nde, Rum und Gin \u2013 Dein digitales Nachschlagewerk &amp; Rezepthimmel f\u00fcr edle Spirituosen - Alpenbrenner Blog &amp; Lexikon<\/title>\n<meta name=\"robots\" content=\"noindex, follow, max-snippet:-1, max-image-preview:large, max-video-preview:-1\" \/>\n<meta property=\"og:locale\" content=\"de_DE\" \/>\n<meta property=\"og:type\" content=\"article\" \/>\n<meta property=\"og:title\" content=\"Willkommen im Genie\u00dfer-Lexikon f\u00fcr Br\u00e4nde, Rum und Gin \u2013 Dein digitales Nachschlagewerk &amp; Rezepthimmel f\u00fcr edle Spirituosen - Alpenbrenner Blog &amp; Lexikon\" \/>\n<meta property=\"og:description\" content=\"Tauche ein in die faszinierende Welt der edlen Spirituosen! Unser umfangreiches Lexikon f\u00fcr Br\u00e4nde, Rum und Gin bietet Dir fundiertes Wissen, spannende Hintergrundinfos und eine stetig wachsende Sammlung an Cocktailrezepten, Tasting-Tipps und Herstellungsmethoden. Egal ob Du ein Einsteiger bist oder ein passionierter Kenner \u2013 bei uns findest Du alles, was Du \u00fcber hochwertige Spirituosen wissen [&hellip;]\" \/>\n<meta property=\"og:url\" content=\"https:\/\/www.alpenbrenner.de\/lexikon\/willkommen-im-geniesser-lexikon-fuer-braende-rum-und-gin-dein-digitales-nachschlagewerk-rezepthimmel-fuer-edle-spirituosen\/\" \/>\n<meta property=\"og:site_name\" content=\"Alpenbrenner Blog &amp; Lexikon\" \/>\n<meta property=\"article:modified_time\" content=\"2025-06-25T15:30:59+00:00\" \/>\n<meta property=\"og:image\" content=\"https:\/\/lab.sli-service.de\/wordpress\/wp-content\/uploads\/2025\/06\/ein-Header-Bild-fuer-ein-Lexikon-und-Rezept-Blog-fuer-Spirituosen-1-1024x579.jpg\" \/>\n<meta name=\"twitter:card\" content=\"summary_large_image\" \/>\n<meta name=\"twitter:label1\" content=\"Gesch\u00e4tzte Lesezeit\" \/>\n\t<meta name=\"twitter:data1\" content=\"1\u00a0Minute\" \/>\n<script type=\"application\/ld+json\" class=\"yoast-schema-graph\">{\"@context\":\"https:\\\/\\\/schema.org\",\"@graph\":[{\"@type\":\"WebPage\",\"@id\":\"https:\\\/\\\/www.alpenbrenner.de\\\/lexikon\\\/willkommen-im-geniesser-lexikon-fuer-braende-rum-und-gin-dein-digitales-nachschlagewerk-rezepthimmel-fuer-edle-spirituosen\\\/\",\"url\":\"https:\\\/\\\/www.alpenbrenner.de\\\/lexikon\\\/willkommen-im-geniesser-lexikon-fuer-braende-rum-und-gin-dein-digitales-nachschlagewerk-rezepthimmel-fuer-edle-spirituosen\\\/\",\"name\":\"Willkommen im Genie\u00dfer-Lexikon f\u00fcr Br\u00e4nde, Rum und Gin \u2013 Dein digitales Nachschlagewerk &amp; Rezepthimmel f\u00fcr edle Spirituosen - Alpenbrenner Blog &amp; Lexikon\",\"isPartOf\":{\"@id\":\"https:\\\/\\\/www.alpenbrenner.de\\\/lexikon\\\/#website\"},\"primaryImageOfPage\":{\"@id\":\"https:\\\/\\\/www.alpenbrenner.de\\\/lexikon\\\/willkommen-im-geniesser-lexikon-fuer-braende-rum-und-gin-dein-digitales-nachschlagewerk-rezepthimmel-fuer-edle-spirituosen\\\/#primaryimage\"},\"image\":{\"@id\":\"https:\\\/\\\/www.alpenbrenner.de\\\/lexikon\\\/willkommen-im-geniesser-lexikon-fuer-braende-rum-und-gin-dein-digitales-nachschlagewerk-rezepthimmel-fuer-edle-spirituosen\\\/#primaryimage\"},\"thumbnailUrl\":\"https:\\\/\\\/lab.sli-service.de\\\/wordpress\\\/wp-content\\\/uploads\\\/2025\\\/06\\\/ein-Header-Bild-fuer-ein-Lexikon-und-Rezept-Blog-fuer-Spirituosen-1-1024x579.jpg\",\"datePublished\":\"2025-06-25T15:30:58+00:00\",\"dateModified\":\"2025-06-25T15:30:59+00:00\",\"breadcrumb\":{\"@id\":\"https:\\\/\\\/www.alpenbrenner.de\\\/lexikon\\\/willkommen-im-geniesser-lexikon-fuer-braende-rum-und-gin-dein-digitales-nachschlagewerk-rezepthimmel-fuer-edle-spirituosen\\\/#breadcrumb\"},\"inLanguage\":\"de\",\"potentialAction\":[{\"@type\":\"ReadAction\",\"target\":[\"https:\\\/\\\/www.alpenbrenner.de\\\/lexikon\\\/willkommen-im-geniesser-lexikon-fuer-braende-rum-und-gin-dein-digitales-nachschlagewerk-rezepthimmel-fuer-edle-spirituosen\\\/\"]}]},{\"@type\":\"ImageObject\",\"inLanguage\":\"de\",\"@id\":\"https:\\\/\\\/www.alpenbrenner.de\\\/lexikon\\\/willkommen-im-geniesser-lexikon-fuer-braende-rum-und-gin-dein-digitales-nachschlagewerk-rezepthimmel-fuer-edle-spirituosen\\\/#primaryimage\",\"url\":\"https:\\\/\\\/lab.sli-service.de\\\/wordpress\\\/wp-content\\\/uploads\\\/2025\\\/06\\\/ein-Header-Bild-fuer-ein-Lexikon-und-Rezept-Blog-fuer-Spirituosen-1-1024x579.jpg\",\"contentUrl\":\"https:\\\/\\\/lab.sli-service.de\\\/wordpress\\\/wp-content\\\/uploads\\\/2025\\\/06\\\/ein-Header-Bild-fuer-ein-Lexikon-und-Rezept-Blog-fuer-Spirituosen-1-1024x579.jpg\"},{\"@type\":\"BreadcrumbList\",\"@id\":\"https:\\\/\\\/www.alpenbrenner.de\\\/lexikon\\\/willkommen-im-geniesser-lexikon-fuer-braende-rum-und-gin-dein-digitales-nachschlagewerk-rezepthimmel-fuer-edle-spirituosen\\\/#breadcrumb\",\"itemListElement\":[{\"@type\":\"ListItem\",\"position\":1,\"name\":\"Start\",\"item\":\"https:\\\/\\\/www.alpenbrenner.de\\\/lexikon\\\/\"},{\"@type\":\"ListItem\",\"position\":2,\"name\":\"Willkommen im Genie\u00dfer-Lexikon f\u00fcr Br\u00e4nde, Rum und Gin \u2013 Dein digitales Nachschlagewerk &amp; Rezepthimmel f\u00fcr edle Spirituosen\"}]},{\"@type\":\"WebSite\",\"@id\":\"https:\\\/\\\/www.alpenbrenner.de\\\/lexikon\\\/#website\",\"url\":\"https:\\\/\\\/www.alpenbrenner.de\\\/lexikon\\\/\",\"name\":\"Alpenbrenner Blog &amp; Lexikon\",\"description\":\"Alles rund um Schnaps und Lik\u00f6r\",\"potentialAction\":[{\"@type\":\"SearchAction\",\"target\":{\"@type\":\"EntryPoint\",\"urlTemplate\":\"https:\\\/\\\/www.alpenbrenner.de\\\/lexikon\\\/?s={search_term_string}\"},\"query-input\":{\"@type\":\"PropertyValueSpecification\",\"valueRequired\":true,\"valueName\":\"search_term_string\"}}],\"inLanguage\":\"de\"}]}<\/script>\n<!-- \/ Yoast SEO plugin. -->","yoast_head_json":{"title":"Willkommen im Genie\u00dfer-Lexikon f\u00fcr Br\u00e4nde, Rum und Gin \u2013 Dein digitales Nachschlagewerk &amp; Rezepthimmel f\u00fcr edle Spirituosen - Alpenbrenner Blog &amp; Lexikon","robots":{"index":"noindex","follow":"follow","max-snippet":"max-snippet:-1","max-image-preview":"max-image-preview:large","max-video-preview":"max-video-preview:-1"},"og_locale":"de_DE","og_type":"article","og_title":"Willkommen im Genie\u00dfer-Lexikon f\u00fcr Br\u00e4nde, Rum und Gin \u2013 Dein digitales Nachschlagewerk &amp; Rezepthimmel f\u00fcr edle Spirituosen - Alpenbrenner Blog &amp; Lexikon","og_description":"Tauche ein in die faszinierende Welt der edlen Spirituosen! Unser umfangreiches Lexikon f\u00fcr Br\u00e4nde, Rum und Gin bietet Dir fundiertes Wissen, spannende Hintergrundinfos und eine stetig wachsende Sammlung an Cocktailrezepten, Tasting-Tipps und Herstellungsmethoden. Egal ob Du ein Einsteiger bist oder ein passionierter Kenner \u2013 bei uns findest Du alles, was Du \u00fcber hochwertige Spirituosen wissen [&hellip;]","og_url":"https:\/\/www.alpenbrenner.de\/lexikon\/willkommen-im-geniesser-lexikon-fuer-braende-rum-und-gin-dein-digitales-nachschlagewerk-rezepthimmel-fuer-edle-spirituosen\/","og_site_name":"Alpenbrenner Blog &amp; Lexikon","article_modified_time":"2025-06-25T15:30:59+00:00","og_image":[{"url":"https:\/\/lab.sli-service.de\/wordpress\/wp-content\/uploads\/2025\/06\/ein-Header-Bild-fuer-ein-Lexikon-und-Rezept-Blog-fuer-Spirituosen-1-1024x579.jpg","type":"","width":"","height":""}],"twitter_card":"summary_large_image","twitter_misc":{"Gesch\u00e4tzte Lesezeit":"1\u00a0Minute"},"schema":{"@context":"https:\/\/schema.org","@graph":[{"@type":"WebPage","@id":"https:\/\/www.alpenbrenner.de\/lexikon\/willkommen-im-geniesser-lexikon-fuer-braende-rum-und-gin-dein-digitales-nachschlagewerk-rezepthimmel-fuer-edle-spirituosen\/","url":"https:\/\/www.alpenbrenner.de\/lexikon\/willkommen-im-geniesser-lexikon-fuer-braende-rum-und-gin-dein-digitales-nachschlagewerk-rezepthimmel-fuer-edle-spirituosen\/","name":"Willkommen im Genie\u00dfer-Lexikon f\u00fcr Br\u00e4nde, Rum und Gin \u2013 Dein digitales Nachschlagewerk &amp; Rezepthimmel f\u00fcr edle Spirituosen - Alpenbrenner Blog &amp; Lexikon","isPartOf":{"@id":"https:\/\/www.alpenbrenner.de\/lexikon\/#website"},"primaryImageOfPage":{"@id":"https:\/\/www.alpenbrenner.de\/lexikon\/willkommen-im-geniesser-lexikon-fuer-braende-rum-und-gin-dein-digitales-nachschlagewerk-rezepthimmel-fuer-edle-spirituosen\/#primaryimage"},"image":{"@id":"https:\/\/www.alpenbrenner.de\/lexikon\/willkommen-im-geniesser-lexikon-fuer-braende-rum-und-gin-dein-digitales-nachschlagewerk-rezepthimmel-fuer-edle-spirituosen\/#primaryimage"},"thumbnailUrl":"https:\/\/lab.sli-service.de\/wordpress\/wp-content\/uploads\/2025\/06\/ein-Header-Bild-fuer-ein-Lexikon-und-Rezept-Blog-fuer-Spirituosen-1-1024x579.jpg","datePublished":"2025-06-25T15:30:58+00:00","dateModified":"2025-06-25T15:30:59+00:00","breadcrumb":{"@id":"https:\/\/www.alpenbrenner.de\/lexikon\/willkommen-im-geniesser-lexikon-fuer-braende-rum-und-gin-dein-digitales-nachschlagewerk-rezepthimmel-fuer-edle-spirituosen\/#breadcrumb"},"inLanguage":"de","potentialAction":[{"@type":"ReadAction","target":["https:\/\/www.alpenbrenner.de\/lexikon\/willkommen-im-geniesser-lexikon-fuer-braende-rum-und-gin-dein-digitales-nachschlagewerk-rezepthimmel-fuer-edle-spirituosen\/"]}]},{"@type":"ImageObject","inLanguage":"de","@id":"https:\/\/www.alpenbrenner.de\/lexikon\/willkommen-im-geniesser-lexikon-fuer-braende-rum-und-gin-dein-digitales-nachschlagewerk-rezepthimmel-fuer-edle-spirituosen\/#primaryimage","url":"https:\/\/lab.sli-service.de\/wordpress\/wp-content\/uploads\/2025\/06\/ein-Header-Bild-fuer-ein-Lexikon-und-Rezept-Blog-fuer-Spirituosen-1-1024x579.jpg","contentUrl":"https:\/\/lab.sli-service.de\/wordpress\/wp-content\/uploads\/2025\/06\/ein-Header-Bild-fuer-ein-Lexikon-und-Rezept-Blog-fuer-Spirituosen-1-1024x579.jpg"},{"@type":"BreadcrumbList","@id":"https:\/\/www.alpenbrenner.de\/lexikon\/willkommen-im-geniesser-lexikon-fuer-braende-rum-und-gin-dein-digitales-nachschlagewerk-rezepthimmel-fuer-edle-spirituosen\/#breadcrumb","itemListElement":[{"@type":"ListItem","position":1,"name":"Start","item":"https:\/\/www.alpenbrenner.de\/lexikon\/"},{"@type":"ListItem","position":2,"name":"Willkommen im Genie\u00dfer-Lexikon f\u00fcr Br\u00e4nde, Rum und Gin \u2013 Dein digitales Nachschlagewerk &amp; Rezepthimmel f\u00fcr edle Spirituosen"}]},{"@type":"WebSite","@id":"https:\/\/www.alpenbrenner.de\/lexikon\/#website","url":"https:\/\/www.alpenbrenner.de\/lexikon\/","name":"Alpenbrenner Blog &amp; Lexikon","description":"Alles rund um Schnaps und Lik\u00f6r","potentialAction":[{"@type":"SearchAction","target":{"@type":"EntryPoint","urlTemplate":"https:\/\/www.alpenbrenner.de\/lexikon\/?s={search_term_string}"},"query-input":{"@type":"PropertyValueSpecification","valueRequired":true,"valueName":"search_term_string"}}],"inLanguage":"de"}]}},"_links":{"self":[{"href":"https:\/\/www.alpenbrenner.de\/lexikon\/wp-json\/wp\/v2\/pages\/220","targetHints":{"allow":["GET"]}}],"collection":[{"href":"https:\/\/www.alpenbrenner.de\/lexikon\/wp-json\/wp\/v2\/pages"}],"about":[{"href":"https:\/\/www.alpenbrenner.de\/lexikon\/wp-json\/wp\/v2\/types\/page"}],"author":[{"embeddable":true,"href":"https:\/\/www.alpenbrenner.de\/lexikon\/wp-json\/wp\/v2\/users\/1"}],"replies":[{"embeddable":true,"href":"https:\/\/www.alpenbrenner.de\/lexikon\/wp-json\/wp\/v2\/comments?post=220"}],"version-history":[{"count":1,"href":"https:\/\/www.alpenbrenner.de\/lexikon\/wp-json\/wp\/v2\/pages\/220\/revisions"}],"predecessor-version":[{"id":222,"href":"https:\/\/www.alpenbrenner.de\/lexikon\/wp-json\/wp\/v2\/pages\/220\/revisions\/222"}],"wp:attachment":[{"href":"https:\/\/www.alpenbrenner.de\/lexikon\/wp-json\/wp\/v2\/media?parent=220"}],"curies":[{"name":"wp","href":"https:\/\/api.w.org\/{rel}","templated":true}]}}